 81 - (0 + 4) - 8) + -16?
-14
What is the value of 18 + -1 + (-11 - (10 - 25))?
21
Evaluate -4 + 1 + 14 + (-39 - -17).
-11
Calculate 3 - (-13 - (12 - 1 - 16)).
11
Calculate -6 + -10 + 3 + -4 + 10.
-7
Calculate -1 + -3 - -6 - 21 - -6 - -1.
-12
Evaluate (-71 + 59 - (1 + 1) - -8) + -5.
-11
Evaluate 6 + 1 + 0 + (-21 - 0).
-14
What is -14 - (9 - 4 - 16)?
-3
What is 19 + (-9 + 3 - -4) + (-27 - -21)?
11
Evaluate -9 - (-1 + -9) - -9.
10
(-8 + 46 - 31) + -1 + -43
-37
Calculate -7 - (15 + -14 - 13).
5
26 + -45 + 2 + 1 + 3 - 3
-16
What is the value of (43 + -23 - (1 + -4)) + -4?
19
Evaluate 1 - (53 + -18 + -17).
-17
What is 0 + -1 + 16 - (20 - (3 + 17))?
15
-11 + 1 + 5 + (10 - (9 - -16))
-20
Calculate -9 - (-22 + 6 + 24).
-17
What is the value of 25 + -35 + 12 - (27 + 0 + -2)?
-23
Calculate -4 + 0 + 9 + (-3 - 3).
-1
What is the value of (-25 - 5 - -36) + -1 + 14 - 0?
19
What is (-4 - (14 - 12)) + -1?
-7
What is the value of -9 + 13 - ((-5 - (3 + -3)) + 6)?
3
Calculate 2 + 4 + (-4 - -6 - (3 - 5)).
10
-33 + 44 + -34 - ((6 - 1) + 0)
-28
What is (1 - -6 - 2) + 2 + -21 + 6?
-8
Evaluate 29 + (-11 - 15 - 5).
-2
Evaluate 5 - (-21 + 23 - 41 - (2 - 11)).
35
(2 - 11) + 0 + 15 + (-7 - 8)
-9
(21 - 14) + (-9 - 1) + 4 + 1
2
33 + -12 + 8 - 51
-22
(21 + -59 - -4) + 22
-12
Evaluate -13 - (15 + (-15 + -4 - -9)).
-18
Calculate -4 - -1 - (13 + -13 + 15).
-18
Evaluate 15 - ((-15 + 8 - 0) + 7).
15
What is the value of 0 + 4 + (-45 - -29) + -15?
-27
What is 20 + -37 + 20 + -4?
-1
(2 - (-15 - -21) - (1 - 1)) + 8
4
Evaluate 16 + -21 - (9 - (0 + 4)).
-10
What is (3 - -3 - (20 - 27)) + (6 - 6)?
13
What is the value of (-2 - -5) + -11 + 1 + -28 + 34?
-1
What is the value of -3 + (2 + 4 - (8 - (6 + 0)))?
1
What is the value of 7 - -8 - (-6 + 14)?
7
-22 - (4 - (18 + (0 - 9)))
-17
Calculate 7 + (-4 - 0) + (-25 - -21).
-1
Evaluate -6 + (3 - (8 - 8)) - 0.
-3
What is the value of -7 - 1 - (20 + -6 + -20)?
-2
What is -2 + -5 - (-72 - -64)?
1
What is the value of 22 + -2 + -7 + -10 - -13?
16
What is 11 + (-8 - 1) + 0 + 7?
9
Calculate -5 + (7 - 1) + -14.
-13
Calculate 42 + (1 - (6 - -9)) - (12 + -2).
18
What is -7 - (-4 + 1 + -5) - 8?
-7
What is 20 - (14 + 5) - (0 - 0 - -1)?
0
Evaluate ((-1 - 1) + (28 - 21) - 4) + -23.
-22
What is 34 + -28 + (18 - 37)?
-13
What is (-38 - 3) + 57 - 33?
-17
-33 - (-1 - -1 - (121 + -110))
-22
14 - (31 + -26 - (-4 - -12))
17
-26 + -7 + (-13 - -33)
-13
What is the value of -8 + (1 + 0 - (-8 + (7 - -1)))?
-7
-7 - (-10 + 7 - (0 - -1)) - -1
-2
Evaluate -38 + 18 - -50 - 15.
15
Calculate -31 + 32 - (-17 + -2 + 2 + 1).
17
Calculate -22 + -10 + -8 + 24.
-16
(-39 - 2 - -43) + (0 + 1 - 6)
-3
4 - (8 - -15) - -10
-9
Calculate (24 - 8) + 13 + -3 + -16.
10
Calculate -381 + 368 - (-29 + -1).
17
What is the value of 32 - (-5 + 7 - (-3 - 4) - 0)?
23
What is the value of -22 + (-7 - 3 - -24)?
-8
1202 + -1235 + -1 + 32
-2
What is the value of (-22 - (-50 - -15)) + -21?
-8
What is 1618 + -1670 + (28 - 1)?
-25
What is -12 - (0 + -3 - (-2 - -2 - 2))?
-11
What is the value of 5 + (-37 - -39) - (6 - (0 - -1))?
2
What is the value of 15 + 10 + -24 - (-7 - -20) - -37?
25
What is the value of (-1 - (-10 + -6 + 16)) + (-3 - 1)?
-5
What is the value of -8 - (0 - (19 - 12)) - (0 + -6)?
5
What is the value of 3 + (-6 - -1 - -12 - 15)?
-5
What is 13 + -13 + 23 + (7 - 10)?
20
What is (-8 - -20) + -20 - -15?
7
Evaluate 30 + (0 + 8 - (-10 - -31)).
17
What is the value of (5 + -49 - -49) + -13 + 2 + 1?
-5
What is the value of -20 + (-10 - -4) + 11?
-15
What is the value of 12 + 7 + -11 + 4 + -5?
7
Evaluate -24 - -29 - (-1 + (3 - (1 + -1))).
3
(-61 - 2) + 24 + 13
-26
Evaluate (-3 - 4) + -1 + 10 + 9.
11
(0 + -6 - -8 - (5 - -2)) + 5
0
Evaluate (6 - 11) + (19 - -7 - 5).
16
What is 36 + 15 + -15 + -8?
28
What is the value of -1 + -8 - (7 - 2 - -7)?
-21
-3 + -1 - ((8 + -23 - 7) + 11)
7
What is 64 - 52 - (-4 + 8 - -28)?
-20
(-28 - (-1 - 2)) + -51 + 50
-26
What is the value of 6 + (14 + -3 - 22) - -9?
4
What is -35 + 60 + -32 - (-1 + -1 + 16)?
-21
What is 45 - (9 - -19) - (-5 - -1)?
21
What is the value of -1 + 3 + 1 + -21 + -2 + 16?
-4
Evaluate -18 - (22 - (43 - 8)).
-5
Evaluate (27 - (14 + 3)) + -6.
4
(-11 - -15) + -4 + -5
-5
Calculate -12 + (6 - -1) + -3 + -6 + 0.
-14
What is the value of 10 - 11 - (1 - (11 - (9 + -5)))?
5
What is (-4 - 4) + (23 - 21)?
-6
What is -15 - (-3 + -5 + 0 - -4) - -2?
-9
What is 119 + -131 - (17 - 7)?
-22
What is the value of -19 - (5 - (2 + 12 - 10))?
-20
What is (57 - 58) + (1 - ((0 - 3) + 2))?
1
(-51 - -42) + (3 - (-15 - -3))
6
Evaluate (287 - 318) + -2 + (13 - -2).
-18
19 + 6 + (-7 - -3) + -7
14
What is the value of 0 - -6 - (-120 + 129)?
-3
(125 - 120) + (1 - (5 + -2))
3
What is (18 - (0 + 14)) + (14 - 7)?
11
What is the value of (0 - 2) + (7 - 16) + 11 + -8?
-8
What is the value of (4394 - 4385) + (1 - -7) + (-1 - -2)?
18
0 + 14 - (-53 + 61)
6
Calculate -13 + -3 + (22 - 9).
-3
(6 + -7 - ((3 - 5) + 6)) + 7
2
Calculate 8 + (-11 - -7) + 3 + -1.
6
What is (-9 - (17 - 30)) + -3 + -2 - -19?
18
What is 6 + -6 + 3 + (1 - -1) + 3?
8
Calculate (-7 - -4 - -18 - 5) + -25.
-15
What is the value of 2 + 5 - ((-17 - 0 - -7) + 4)?
13
-3 - (10 - 0 - (7 + -14 + 3))
-17
What is the value of (-3 - (-3 + 0)) + 2?
2
What is the value of -10 + 16 - (4 - -8) - (1 - 0)?
-7
Calculate 5 - (1 + 2 + (-68 - -71)).
-1
Calculate (17 - -4) + -25 + -13.
-17
-12 + (6 - -11) + -16 + -8
-19
Calculate 34 + (9 - (-7 - -21)) - (-8 + 12).
25
Calculate (1 - 11) + (87 - 58).
19
Calculate (-10 + -4 - -10) + (2 - -2) - 6.
-6
What is the value of 17 + -6 - (-25 - -48)?
-12
What is the value of 9 - (-5 - (3 + -17))?
0
What is 7 + (1 - -8 - (8 + -10 + 7))?
11
What is the value of 27 + -10 + -12 + 4?
9
What is the value of 17 + (50 - 54) - (1 - -10)?
2
Calculate 15 + 3 + 15 + (-21 - -8) + -1.
19
Evaluate 2 + -4 + 2 - (11 - (-11 + 36)).
14
What is 11 + (-3 - -6) - 33 - 14?
-33
Calculate -18 - (-8 - (-3 + 2)).
-11
What is (30 - (16 + -10 + 7)) + -39?
-22
What is the value of -1 + 2 + -5 + 22 + -12 + 2?
8
What is -5 - (30 - (5 + -11 - -15))?
-26
What is the value of -16 + -43 + (49 - 13)?
-23
What is the value of 56 + -58 + (0 - -14)?
12
-11 + 5 + 0 - (17 - (6 + -3))
-20
(5 - -1) + 114 + -119
1
(24 - 62) + -26 + 59
-5
29 + 1 - (101 + -100)
29
Calculate 15 + (29 - 25) + (2 - 6) + -5.
10
-29 + 38 + -29 + 0
-20
What is the value of 1 + (-21 - -20) - 4?
-4
Calculate 0 + 15 + (-23 - -121 - 132).
-19
What is the value of (-2 + 31 + 1 - (365 + -356)) + 7?
28
What is the value of 2 - (3 + -7 + -4) - (-26 - -4)?
32
(-34 - -33) + (2 - -1) + -22 - 4
-24
Evaluate (1 - 6) + (29 - 53 - -15).
-14
2 - (7 + -11 - -5 - -1 - 6)
6
What is 7 + -2 + (11 - 8) + -1 + -5?
2
What is the value of -1 + 13 - (8 - -3 - 16)?
17
Calculate (0 - 4) + (-3 + -3 - (-31 - -25)).
-4
-5 + (-8 - (6 - 8)) + 6 - -7
2
Calculate -8 - (-9 - -6) - -11.
6
What is 179 - 166 - (0 - -14)?
-1
What is 8 - (6 + (-3 + 7 - 8))?
6
2 + 0 - (-4 + 0 - (-74 + 39))
-29
Calculate -1 + -11 + 0 + 0 + 701 + -701.
-12
Calculate 4 - (35 + -2 + 8 + -16 - 8).
-13
Calculate (-11 - (1 + 3)) + 6.
-9
What is 5 + (-13 - 2) - (-5 - -7)?
-12
What is the value of 3 - (13 - 21 - -2 - (0 + -1))?
8
-24 - (-7 + -13) - 15
-19
0 - (-4 - ((3 - 12) + 12)) - -5
12
9 - (25 - (17 + (11 - 16)))
-4
Calculate -11 - (1 + -3 - (-71 - -69)).
-11
(-3 - (1 - 26)) + (-75 - -69)
16
Evaluate -8 - (1 - -10) - -8.
-11
What is (21 - 35) + 0 + 6?
-8
-8 + (-9 - -4 - -6) + 2
-5
Calculate -6 - (0 - (-2 + 0)) - -3.
-5
What is the value of 6 - 3 - (-3 + (42 + 1 - 4))?
-33
What is -1 - 3 - (-84 + 72) - 37?
-29
What is -39 + 17 - (-35 - -36)?
-23
-1 + 6 - 11 - (10 - 6)
-10
What is the value of (17 - 29) + -10 - -21?
-1
What is the value of 9 + -6 + (15 - 19)?
-1
12 - (0 - -16 - 19)
15
Evaluate (-8 - 5) + 13 + 13.
13
Evaluate (-10 - (-2 - 3)) + (10 - 8) + -2.
-5
What is 1 + 0 + -4 + (-47 - -36) + 14?
0
(-2 + 7 - -10) + (134 - 145)
4
What is (15 - 7) + -18 + (-2 - -44 - 6)?
26
36 - 33 - (2 + 2)
-1
Calculate -1 + -1 + -12 + 10 + -1.
-5
2 - 1 - ((1 - 10) + 8)
2
What is (-90 - -126) + -6 + -1 + -1 + -1?
27
(0 - -12) + -1 + -8
3
(-1 - 9) + 2 - (-1 - (5 + -2))
-4
What is 2 + (2 + 3 - -2 - 7) + 0?
2
Calculate (13 - 1) + -4 + -8.
0
Evaluate -12 + 0 + 0 + (1100 - 1103).
-15
What is the value of -4 + (-2 - (-4 + (-1 - 6)))?
5
0 - (3 + -1